osite?
False
Let z be ((-3)/(-3))/((-1)/5). Let q(s) = 6*s**2 + 4*s - 1. Is q(z) prime?
False
Let k(t) = t - 8. Let q be k(6). Is 28 + 1 + (q - -4) a composite number?
False
Suppose 0 = 5*u + 66 - 171. Is (43/(-3))/((-1)/u) a composite number?
True
Suppose 6*m + 371 - 2273 = 0. Is m a composite number?
False
Suppose -3*j - i + 667 = 0, -2*i - 1123 = -5*j + 2*i. Is j composite?
False
Let z be (-9 + 9)*(-2)/(-6). Suppose z = -3*t + 2*t - 2*w + 41, -4*w - 4 = 0. Is t prime?
True
Let l be 12/2*(-2)/(-4). Let g = l + 4. Is g a prime number?
True
Let n(x) = 5*x + 9. Let b(j) = 4*j + 8. Let i(q) = -3*b(q) + 2*n(q). Let m be -10*(-2)/(-8)*(2 + 0). Is i(m) a prime number?
False
Let r be 35/1*6/7. Suppose 3*x - 69 - r = 0. Is x composite?
True
Suppose 0*d = -4*d + 412. Suppose 5*z - d = 4*h, -4*h - 22 = -2*z + 12. Is z a prime number?
True
Let o be -1 + (-1)/((-3)/12). Suppose -g = 3*i + 103, -5*g - 5*i + 322 = 807. Is 1*o/((-3)/g) a prime number?
False
Suppose 0*j - 167 = -2*j - 3*u, -u - 91 = -j. Let s = 407 - j. Is s composite?
True
Let h(b) = 14*b - 4. Let a be h(7). Suppose -5*l = -5*d + 330, -2*d + l - 35 = -162. Let i = a - d. Is i composite?
True
Suppose -2*m = 2*j - 3*j, 2*j - 5*m + 1 = 0. Suppose 4*t + i - 1 = -t, -3*t - 4 = -4*i. Suppose -q - j*q + 201 = t. Is q a prime number?
True
Let a(p) = -22*p + 5. Let j be a(-6). Let b = 214 - j. Is b a composite number?
True
Suppose -12*b + 36059 + 4177 = 0. Is b a composite number?
True
Let k(q) = q**2 + q + 1. Let b be k(-2). Suppose 4*l = -0*l + 2*u + 718, u = -b. Let j = l + -107. Is j a prime number?
True
Suppose -2*y + 4*y = 2*j + 4822, -4*y + 9648 = -5*j. Is y a prime number?
False
Let w be (-4)/10 - 16/10. Is ((-7)/w)/(2/4) composite?
False
Let a(r) be the second derivative of 0 - 3/2*r**2 + 1/2*r**4 - 1/3*r**3 + 2*r. Is a(-3) prime?
False
Suppose 3*y - 3*h = 2259, -4*h = -7*y + 4*y + 2259. Is y a prime number?
False
Suppose 0 = 3*n - 5*f - 34, -5*n + 2*n + 4*f = -29. Let q(p) = -5 + 5*p - p**3 + p + 0*p - n*p**2. Is q(-5) a prime number?
False
Let g(k) = -k**3 - k**2 - 7*k - 8. Is g(-6) composite?
True
Let p(c) = -5*c - 1. Suppose -2*n + v + v = -6, 2*n + 18 = -4*v. Let t be n*2 + 3 - 2. Is p(t) a composite number?
True
Let o = -1 + -2. Let m = o - -3. Suppose -3*n - 131 + 524 = m. Is n a composite number?
False
Suppose 3*r + 20 = 2*r - 4*x, 4*x - 124 = 5*r. Let w = 43 + r. Is w a prime number?
True
Suppose 4*a + 4*i - 8 = 0, 0*a + 8 = a - 2*i. Suppose -3*g + a*g = 10. Is g composite?
True
Let u(p) = p + 12. Let s be u(-10). Suppose 2*j = 2*q + 66, -s*q - 29 = -j + 4. Is j composite?
True
Suppose 2*i + 3*n = -5, 3*i + 14 = 4*n + 49. Is 74 - 1*(2 - i) prime?
False
Let q(h) = 2 + 12*h**2 + 14*h**2 + 3 + 6*h - 10*h**2. Is q(-4) prime?
False
Suppose -4*w - 4*z + 1312 = 0, 2*w + w + 2*z - 979 = 0. Is w a prime number?
False
Let l = 14 + -8. Let r = -21 - -26. Let g = r + l. Is g prime?
True
Let l(w) = -5 + 3*w + 13 + 0*w. Let m(t) = -t**2 - 4*t + 3. Let o be m(-3). Is l(o) prime?
False
Suppose 9*h - 6669 = 5418. Is h composite?
True
Let a(b) = -35*b**3 - 3*b**2 - 3*b. Is a(-2) composite?
True
Suppose -4*o + 2 = -3*o. Suppose o*q = -q + 279. Is q a composite number?
True
Let y be 49 + 3/(-1)*-1. Let m = y + -33. Is m a prime number?
True
Suppose w + 5*d = -238, 9 + 7 = -4*d. Let b = -121 - w. Suppose b = 5*h - 13. Is h a composite number?
True
Is 12155/25 - (-12)/15 a prime number?
True
Let t(v) be the second derivative of 19*v**3/6 - 3*v**2 + v. Is t(5) a prime number?
True
Let x = -67 + 176. Suppose 0 = -0*z - z + x. Is z a composite number?
False
Let p(t) = t**3 - 5*t**2 + 4*t - 2. Let a be p(4). Let i(d) = 6*d**3 - 5*d**3 - 2 + d**2 - 2*d**3. Is i(a) a prime number?
False
Suppose 0 = -m + 4*z + 16, 15 = -5*z - 5. Suppose -2*i + 5*s = -4*i, m = -4*i + s + 22. Let v(k) = 10*k + 1. Is v(i) composite?
True
Let y(r) = r + 7. Let t be y(-7). Suppose 0 = m - 4*u - 57, t*m + m + 3*u = 22. Is m composite?
False
Let v(l) = 4*l + 1. Let a(r) = -1. Let g(s) = 2*a(s) - v(s). Let d(y) = -y**3 - 2*y**2 + 4*y - 1. Let m be d(-3). Is g(m) a composite number?
False
Let o(c) = c. Let s be o(6). Suppose 14 = -3*j + 5*w, j = -2*j + 3*w - s. Suppose 5*z + 51 - 14 = 3*m, -30 = -2*m + j*z. Is m a prime number?
True
Let x(r) = -26*r + 5. Let k = -2 - 2. Is x(k) a prime number?
True
Suppose 5*s - f - 2*f = 7, 4*s - 3*f = 5. Suppose 4*m + 335 = 5*m - s*b, 2*m = 2*b + 676. Is m prime?
False
Is (-3296)/(-10) + (-15)/25 a prime number?
False
Suppose -18*z - 23082 = -24*z. Is z composite?
False
Let v(t) = 2*t**2 - 2*t + 1. Let s be v(2). Suppose -2 = -s*p - c + 4*c, -2*c - 1 = -3*p. Is 31/(2/(1 + p)) a composite number?
False
Let g(q) = 2*q**2 + q + 4. Let p be g(-6). Let y = -105 - -66. Let n = y + p. Is n composite?
False
Let i(j) = 11*j - 10. Suppose 5*k - 21 - 139 = 0. Let m = k + -23. Is i(m) prime?
True
Let z(v) = 23*v - 1. Let y be z(6). Suppose -4*t + 159 = -y. Is t composite?
True
Let v = -244 + 159. Let g = 154 + v. Is (-14)/21*-1*g prime?
False
Let v(z) = 3*z**3 + 4*z**2 + 3*z + 5. Is v(12) a composite number?
False
Suppose -379 = -4*k + 2161. Is k prime?
False
Let h = -376 + 729. Is h prime?
True
Suppose -5*a - 2*t + 31 + 8 = 0, 4*a + 2*t = 30. Is a/3 + 70 + -2 a prime number?
True
Let b = -4 + 9. Let k(o) = 4*o**3 - 3*o**2 - 8*o + 6. Is k(b) a prime number?
False
Let l(u) = 10*u**3 + 2*u**2 - 5*u - 2. Is l(3) prime?
True
Let l = -6 - -6. Let o be l/(1*-2*1). Suppose o = r + 4*r - 155. Is r composite?
False
Let y be (-5)/(-20) + 12657/(-4). Is y/21*3/(-2) a prime number?
False
Let f = 3 + -5. Let c = 5 + f. Is c/(-9) + (-174)/(-9) a prime number?
True
Is (-402)/18*(-1 - 8) a composite number?
True
Let r be 3 + 0 - (-750)/(-6). Let g = r - -237. Is g a composite number?
True
Let p = -8 + 507. Is p composite?
False
Let d = -6013 - -8770. Is d a prime number?
False
Let d = 187 + 67. Is d a prime number?
False
Let t = -7 + 1. Let q be 2/(-6) + (-878)/t. Let f = -67 + q. Is f a prime number?
True
Suppose -m = -3*m + 10. Suppose -3*t = 2*w - 0*w - 139, -230 = -5*t - m*w. Is t a prime number?
True
Let q(j) = 1718*j**3 - 2*j**2 + 4*j - 3. Is q(1) composite?
True
Let m(l) = l**2 + 3*l - 5. Let v be m(-5). Suppose -4*x + 2*x - 10 = 0, v*d + 4*x = 0. Is d/((-2)/(-1 + -1)) prime?
False
Suppose -762 = -2*o + 10. Suppose q + 4*k - 91 = -o, 2*q + 4*k + 594 = 0. Let v = q - -448. Is v a composite number?
False
Let v be 2/(2/116*-2). Suppose w + 18 + 9 = 0. Let f = w - v. Is f prime?
True
Suppose x + 5*s - 19960 = -4*x, x + 2*s - 3995 = 0. Is x composite?
False
Let z(l) = 132*l**2 + 5*l. Let u(g) = 6731*g**2 + 254*g. Let k(r) = 5*u(r) - 254*z(r). Is k(-1) composite?
False
Suppose 4*d + 5*f + 38 = 341, 233 = 3*d - 2*f. Is d a composite number?
True
Let b = -5 - -4. Let o(a) = -3*a**3 + a**2 + 2*a + 1. Is o(b) prime?
True
Let y = 10 + -6. Suppose -5*l - 13 = -2*k, -27 - 27 = -3*k - y*l. Is k prime?
False
Let u(j) = -j**2 + 2*j - 1. Let f be u(1). Suppose -106 + f = 2*d. Let v = 76 + d. Is v a prime number?
True
Suppose 6 = b + 1. Let u(w) = -w**2 + 4*w - 7*w + b + 15*w + 5*w. Is u(8) composite?
True
Suppose -2*q + 0*q = -1600. Suppose q = 4*f + f. Suppose -r = 17 - f. Is r a prime number?
False
Let z = -82 + 563. Is z composite?
True
Suppose 2*q = -2 - 0. Is (28/8)/q*-34 a composite number?
True
Suppose 359 = 53*q - 52*q. Is q composite?
False
Suppose 3*z - 19 = -7. Suppose 5*i - 3*c + 0*c - 482 = 0, z*c + 16 = 0. Let u = -63 + i. Is u composite?
False
Let j = -143 - -209. Suppose 0 = -2*b + j + 32. Is b a composite number?
True
Let k(o) be the third derivative of -o**6/120 - o**5/15 - o**4/6 + 2*o**2. Let m be k(-3). Suppose m*j = -24 + 189. Is j a composite number?
True
Suppose -o - l + 1 = 0, -2*o + o + 13 = -2*l. Let i = o + -2. Is i composite?
False
Let x(y) = -12*y - 7. Is x(-5) prime?
True
Let c(s) = 2*s + 2. Suppose -3*t = -6 - 6. Suppose 12 = t*y - 2*y + 3*z, z + 24 = 4*y. Is c(y) composite?
True
Let w = 4910 - 1969. Is w prime?
False
Let i = 118 + -17. Let d = i - 23. Suppose t + d = 4*t. Is t composite?
True
Suppose -59 = -3*s - 248. Suppose 5*v - 3*j + 1 - 25 = 0, 2*v = -3*j + 18. Is (2/v)/((-3)/s) prime?
True
Let v = -513 - -757. Suppose 2*y + 5*m + v = 0, 488 = -y - 3*y + 4*m. Let f = 249 + y. Is f composite?
Fal